9 - 1, -3*t = -4*q - 580. Let a = q - -219. What is the tens digit of a?
7
Let d(t) = 159*t**3 + t**2 + 10*t - 18. What is the thousands digit of d(2)?
1
Suppose r - 2*i + 0 = -1, 3*r - 3*i - 6 = 0. Suppose 2*k - 4*j + 322 = 1310, 3*k + r*j - 1504 = 0. What is the units digit of k?
8
Let r(g) = g**3 - 16*g**2 + 16*g + 32. Let i be r(15). Let f(a) = -64 - 8*a**2 - 4*a + 34 + i + a**3. What is the tens digit of f(10)?
7
Let p(l) = l**3 + 6*l**2 - 15*l + 38. Let f be p(-8). Suppose 0 = -2*k - 0*k - 16. Let r = f + k. What is the tens digit of r?
2
Let k = -12 + 8. Let h be (k - 1)*3*(-10)/75. Suppose -2*r - t = r - 235, -2*r + h*t + 162 = 0. What is the tens digit of r?
7
Let b = 4280 - -11565. What is the ten thousands digit of b?
1
Let q(c) = -22*c + 1. Let z = -4 - -7. Suppose -12 = z*i, 0 = -5*o - 6*i + 2*i - 46. What is the units digit of q(o)?
3
Let t = 1386 - 997. Suppose -3*j - 7014 = -5*b + t, -4*b + 5936 = j. What is the thousands digit of b?
1
Suppose -52 = -2*a - 4*y, -4*a = 3*y + 29 - 133. Suppose -a*z = -38*z + 2496. What is the units digit of z?
8
Let x be 7/2 - 12/(-24). Let y be 2*x/8*1. What is the tens digit of -2*y/4*-22?
1
Suppose -109*h + 43728 = -61*h. What is the tens digit of h?
1
Let s = -3291 + 5234. What is the tens digit of s?
4
Let m be 914/14 - 26/91. Let w be (-4)/2 + (-6)/(30/m). Let b(k) = -k**2 - 24*k - 28. What is the hundreds digit of b(w)?
1
Let m(w) = -9*w**2 + 38*w - 34. Let l(s) = -20*s**2 + 77*s - 69. Let i(n) = -4*l(n) + 9*m(n). What is the tens digit of i(31)?
6
Suppose 29*a - 50364 = 42494. What is the hundreds digit of a?
2
What is the hundreds digit of 5/(-5) - (14 + -5 + -15221)?
2
Suppose -4*u = 4*v - 88, -u - 4*v = u - 46. Let s be 106/4*(u - 15). Suppose 0 = m - 0*i + i - s, -4*i - 442 = -3*m. What is the tens digit of m?
5
Let j(z) = -636*z**2 + 5*z + 1. Let m be j(-1). Let v = 612 - m. What is the tens digit of v?
5
Let z be 2/(-20) + 833/(-170). Let f(s) = 2*s + 10. Let a be f(z). Let h(t) = -t**3 + t + 90. What is the tens digit of h(a)?
9
Suppose -1953 = -n + u - 273, -n + 1688 = -3*u. What is the thousands digit of n?
1
What is the thousands digit of (19349604/(-648))/(1/(-2))?
9
Let d = 102238 - 71805. Suppose 26*f + 7267 - d = 0. What is the tens digit of f?
9
Let a(i) = -i**3 - 3*i**2 + i + 4. Let l be a(0). Suppose -2188 = -l*u + 1516. What is the units digit of u?
6
Let w(l) = 13552*l**2 - 90*l - 2. What is the ten thousands digit of w(1)?
1
Let h(n) = -7*n**2 - 32*n + 3. Let x(q) = 3*q**2 + 17*q - 2. Let z(k) = -2*h(k) - 5*x(k). Let j be z(-22). Let l = 20 - j. What is the tens digit of l?
3
Suppose 432 = -11*d + 47*d. Suppose 10*y + 3068 = d*y. What is the hundreds digit of y?
5
Let h = -102 - -106. Suppose h*x - 4*j + 16 = 0, -4 - 12 = 4*x + 3*j. Let p(f) = -50*f + 27. What is the tens digit of p(x)?
2
Let j(u) = 115*u**2 + 9*u + 22. Let t be j(-3). Suppose 2*y - t = 4*g + 762, y - 896 = -g. What is the units digit of y?
6
Suppose y = -6*y + 14. Let x be (y/(8/(-4)))/(1/(-7)). What is the tens digit of 451/x + (-36)/84?
6
Let o = 20774 + -12167. What is the thousands digit of o?
8
Suppose 4*o = 5*u + 50, u + 2*u = 2*o - 28. Let h(c) = -2*c**3 - 7*c**2 + 15*c + 47. Let p be h(u). Suppose -14*m - p = -15*m. What is the units digit of m?
7
Suppose -11*b = -9*b + 34. Let d = b - -20. Suppose -d*l = -10*l + 504. What is the tens digit of l?
7
Suppose 31*p - 36*p = -135. Let v = p - 17. Suppose -144 = 6*o - v*o. What is the tens digit of o?
3
Let c(j) = -j + 2. Let d be c(-1). Suppose -4*b = -4*p - 1256, 618 = 2*b - p - d*p. What is the hundreds digit of b?
3
Let i(l) = -2*l + 7. Let n be i(6). Let h be ((-8)/n)/(8*6/120). Suppose -h*f = -t - 5 - 264, 4*t - 264 = -4*f. What is the tens digit of f?
6
Suppose 2300 = -3*y - 20*y. Suppose -4*f = -4*m, 5 = m + 3*f + 1. What is the tens digit of -3 - -7 - m*y?
0
Let l be (-2087)/(-4) + (-5 - 21/(-4)). Suppose 3*s = -g + l, -15*s - 2610 = -5*g - 10*s. What is the units digit of g?
2
Suppose 0 = -2*p - m + 9, m + 12 = 11*p - 6*p. Suppose p*w = -3*c + 291, 3*w + 0*w + 184 = 2*c. What is the tens digit of c?
9
What is the thousands digit of (17 + (-944)/48)*-18540?
9
What is the thousands digit of 7472 - (-8)/(-24)*-3?
7
Let c be (3 - 3/5) + (-2)/5. Suppose -3*n = -2*z + 285, -c*z = n + 63 + 32. Let m = -41 - n. What is the tens digit of m?
5
Let q(l) = 3737*l - 7846. What is the ten thousands digit of q(15)?
4
Suppose 5*x = 4*s + 39228, 0 = 3*x - 5*s + 9563 - 33092. Suppose -95*o = -89*o - x. What is the thousands digit of o?
1
Let k = 747 - -208. Suppose 2*y - w = 1913, -y + 6*w - 4*w + k = 0. What is the units digit of y?
7
Let g(b) = -2*b**2 - 16*b + 9. Let f be (-2)/(-1) + 1 + (-20)/2. Let q be g(f). What is the units digit of 3*q - 13/13?
8
Suppose -46*t = 44*t + 356194 - 1075834. What is the tens digit of t?
9
Suppose 4*l = -3*x + 15716, 4*x = 5*l - 2122 - 17492. What is the tens digit of l?
2
Let s(m) = m**2 - 16*m - 7. Let q be s(17). What is the units digit of q*-218*(-1)/4 - -5?
0
Suppose -9100 = -2*t - 5*i + 9306, -5*t + i + 45988 = 0. What is the hundreds digit of t?
1
Let l(c) = 17*c**2 + 3*c + 773. What is the thousands digit of l(-25)?
1
Let a(m) = -m**2 + 20*m - 16. Let s be a(19). Suppose 5*w - 2750 = 5*h, 922 = s*w + 4*h - 700. What is the hundreds digit of w?
5
Let x = -80 - -80. Suppose x = -2*o + t + 706, 5*t = 2*o + o - 1052. What is the units digit of o?
4
Suppose -31*h - 2307 = -45676. What is the units digit of h?
9
Suppose 37*a - 29*a + 67*a = 457575. What is the units digit of a?
1
Suppose 5*t - 57 = -3*r, -18*r - 5 = -t - 17*r. What is the hundreds digit of 855/10*48/t?
4
Let o = -97 - -108. Suppose 5 = 8*a - o. What is the units digit of -1 - (-209 + (-4)/a)?
0
Suppose 518 + 664 = 3*x. Suppose b = -4*n + x + 384, 978 = 5*n + 4*b. Suppose -5*w + 6*u = 5*u - 491, -2*w + u + n = 0. What is the units digit of w?
9
Let k(q) = 156*q - 2655. What is the tens digit of k(25)?
4
Let p(u) = -3*u**2 + 20*u - 19. Let c(s) = -s**2. Let h(t) = -5*c(t) + p(t). Let b be h(-11). Suppose -5*x = -b*x - 238. What is the tens digit of x?
1
Suppose 98*o + 119416 = 2*r + 94*o, 0 = -r + 3*o + 59707. What is the ten thousands digit of r?
5
Let y = 9339 - 4996. What is the hundreds digit of y?
3
Let k = 53 - 38. Let s(y) = 13*y**2 + k*y**2 + 22 - 10*y**2 + 2*y**3 - 8*y. What is the units digit of s(-9)?
4
Suppose -98*g + 127162 = -825986. What is the hundreds digit of g?
7
Let c = 10761 + -165. What is the units digit of c?
6
Let i = -247 + 694. Let c = i + -200. What is the units digit of c?
7
Let d(s) = -s**3 - 110*s**2 + 201*s - 692. What is the hundreds digit of d(-113)?
9
Suppose 15*p = 3905 + 22330 - 2910. What is the units digit of p?
5
Let c = 1663 - -5402. What is the thousands digit of c?
7
Suppose 4*o = 11 + 25. Suppose w - 3*a - 273 = 0, -o*w - 4*a - 1387 = -14*w. What is the units digit of w?
9
Let w(u) = u**3 - 7*u**2 + 9*u - 1. Let m = -19 - -40. Suppose 3*s + 3*a + 2 = 11, -a - m = -3*s. What is the units digit of w(s)?
7
Suppose n + b - 8488 = 0, -4*n + 64*b - 69*b + 33946 = 0. What is the hundreds digit of n?
4
Let i = 27348 - 19506. What is the hundreds digit of i?
8
Let b = -115 - -104. Let a be (-53)/b + 6/33. Suppose -2*r + 122 = a*p, 0 = 5*p - 2*r - 38 - 80. What is the tens digit of p?
2
Let r(n) = -2*n**2 - 13*n - 10. Let i be r(-5). Let w(g) = 20*g + 34. Let x(o) = -19*o - 33. Let d(t) = i*w(t) + 6*x(t). What is the tens digit of d(-8)?
8
What is the hundreds digit of 1 - (598/(-26) - 91102)?
1
Let a be 36/(-2)*(-10)/30. Let n(h) = 4*h**3 - 11*h**3 + a*h**3 - 14*h**2 - 6 - 14*h. What is the units digit of n(-13)?
7
Let i = 1326 + -377. Suppose 4*r - i + 157 = -4*q, -3*q = -4*r + 813. Let g = 391 - r. What is the tens digit of g?
9
Let z be (-284)/14 + 2/7. Let n be 25/10*(-24)/z. Suppose -3*k - 2*w = w - 78, -n*k = w - 70. What is the tens digit of k?
2
What is the thousands digit of 399204/260*(-620)/(-12)?
9
Let p(b) = -5*b + 19. Let n be p(-11). Suppose 4*r + d + 143 = 0, 0 = 3*r + d + n + 33. Let q = 120 + r. What is the tens digit of q?
8
Let q be (-21)/18*-6 + 2265. Suppose -4*l - 4*j = -2272, 5*j - q = -4*l + 4*j. What is the hundreds digit of l?
5
Suppose 0 = 671*i - 676*i - 17860. Let c = i + 5553. What is